{"id":1228,"date":"2025-09-01T11:59:14","date_gmt":"2025-09-01T14:59:14","guid":{"rendered":"https:\/\/www.gadens.com.br\/?post_type=cpt_emp&#038;p=1228"},"modified":"2026-03-23T12:33:37","modified_gmt":"2026-03-23T15:33:37","slug":"core-silva-jardim","status":"publish","type":"cpt_emp","link":"https:\/\/gadens.com.br\/_homologacao\/empreendimento\/core-silva-jardim\/","title":{"rendered":"Core Silva Jardim"},"content":{"rendered":"\n<p><\/p>\n\n\n\n<p><\/p>\n\n\n\n<p><\/p>\n\n\n\n<p>Voc\u00ea j\u00e1 imaginou um lugar ideal para morar? Onde voc\u00ea possa ser voc\u00ea mesmo. E estar onde tudo acontece.<\/p>\n\n\n\n<p>Onde ser \u00fanico em localiza\u00e7\u00e3o, tamb\u00e9m significa estar cercado de m\u00faltiplas facilidades.<\/p>\n\n\n\n<p>Ser plural nas escolhas e singular no estilo, tamb\u00e9m \u00e9 estar no cora\u00e7\u00e3o de Curitiba.<\/p>\n\n\n\n<p>Onde voc\u00ea possa abrir as portas para a natureza e pulsar no seu ritmo. Dentro da cidade.<\/p>\n\n\n\n<p>Para voc\u00ea viver em harmonia com o que voc\u00ea acredita. Da melhor forma.<\/p>\n\n\n\n<p>Ter espa\u00e7os que refletem seu estilo. E inspiram novos tempos.<\/p>\n\n\n\n<p>Ser feito para viver. E estar em um lugar perfeito para investir.<\/p>\n\n\n\n<p>Porque o melhor da vida acontece quando ser e estar convivem em perfeito equil\u00edbrio.<\/p>\n\n\n\n<p>Core&nbsp;Silva&nbsp;Jardim. A melhor forma de ser. E estar.<\/p>\n\n\n\n<p>S\u00e3o 241 unidades distribu\u00eddas em 21 pavimentos, com plantas que variam de 16,86m\u00b2 a 80,61 mm\u00b2, incluindo studios, apartamentos de 1 e 2 quartos, com op\u00e7\u00f5es garden. Al\u00e9m disso, o Core&nbsp;Silva&nbsp;Jardim contar\u00e1 com mais de 25 \u00e1reas comuns equipadas e pensadas no bem-estar e praticidade.<\/p>\n","protected":false},"featured_media":0,"menu_order":0,"template":"","class_list":["post-1228","cpt_emp","type-cpt_emp","status-publish","hentry"],"acf":[],"yoast_head":"<!-- This site is optimized with the Yoast SEO plugin v27.4 - https:\/\/yoast.com\/product\/yoast-seo-wordpress\/ -->\n<title>Core Silva Jardim - Gadens Incorporadora<\/title>\n<meta name=\"robots\" content=\"index, follow, max-snippet:-1, max-image-preview:large, max-video-preview:-1\" \/>\n<link rel=\"canonical\" href=\"https:\/\/gadens.com.br\/_homologacao\/empreendimento\/core-silva-jardim\/\" \/>\n<meta property=\"og:locale\" content=\"pt_BR\" \/>\n<meta property=\"og:type\" content=\"article\" \/>\n<meta property=\"og:title\" content=\"Core Silva Jardim - Gadens Incorporadora\" \/>\n<meta property=\"og:description\" content=\"Voc\u00ea j\u00e1 imaginou um lugar ideal para morar? Onde voc\u00ea possa ser voc\u00ea mesmo. E estar onde tudo acontece. Onde ser \u00fanico em localiza\u00e7\u00e3o, tamb\u00e9m significa estar cercado de m\u00faltiplas facilidades. Ser plural nas escolhas e singular no estilo, tamb\u00e9m \u00e9 estar no cora\u00e7\u00e3o de Curitiba. Onde voc\u00ea possa abrir as portas para a natureza [&hellip;]\" \/>\n<meta property=\"og:url\" content=\"https:\/\/gadens.com.br\/_homologacao\/empreendimento\/core-silva-jardim\/\" \/>\n<meta property=\"og:site_name\" content=\"Gadens Incorporadora\" \/>\n<meta property=\"article:modified_time\" content=\"2026-03-23T15:33:37+00:00\" \/>\n<meta name=\"twitter:card\" content=\"summary_large_image\" \/>\n<meta name=\"twitter:label1\" content=\"Est. tempo de leitura\" \/>\n\t<meta name=\"twitter:data1\" content=\"1 minuto\" \/>\n<script type=\"application\/ld+json\" class=\"yoast-schema-graph\">{\"@context\":\"https:\\\/\\\/schema.org\",\"@graph\":[{\"@type\":\"WebPage\",\"@id\":\"https:\\\/\\\/gadens.com.br\\\/_homologacao\\\/empreendimento\\\/core-silva-jardim\\\/\",\"url\":\"https:\\\/\\\/gadens.com.br\\\/_homologacao\\\/empreendimento\\\/core-silva-jardim\\\/\",\"name\":\"Core Silva Jardim - Gadens Incorporadora\",\"isPartOf\":{\"@id\":\"https:\\\/\\\/gadens.com.br\\\/_homologacao\\\/#website\"},\"datePublished\":\"2025-09-01T14:59:14+00:00\",\"dateModified\":\"2026-03-23T15:33:37+00:00\",\"breadcrumb\":{\"@id\":\"https:\\\/\\\/gadens.com.br\\\/_homologacao\\\/empreendimento\\\/core-silva-jardim\\\/#breadcrumb\"},\"inLanguage\":\"pt-BR\",\"potentialAction\":[{\"@type\":\"ReadAction\",\"target\":[\"https:\\\/\\\/gadens.com.br\\\/_homologacao\\\/empreendimento\\\/core-silva-jardim\\\/\"]}]},{\"@type\":\"BreadcrumbList\",\"@id\":\"https:\\\/\\\/gadens.com.br\\\/_homologacao\\\/empreendimento\\\/core-silva-jardim\\\/#breadcrumb\",\"itemListElement\":[{\"@type\":\"ListItem\",\"position\":1,\"name\":\"In\u00edcio\",\"item\":\"https:\\\/\\\/gadens.com.br\\\/_homologacao\\\/\"},{\"@type\":\"ListItem\",\"position\":2,\"name\":\"Core Silva Jardim\"}]},{\"@type\":\"WebSite\",\"@id\":\"https:\\\/\\\/gadens.com.br\\\/_homologacao\\\/#website\",\"url\":\"https:\\\/\\\/gadens.com.br\\\/_homologacao\\\/\",\"name\":\"Gadens Incorporadora\",\"description\":\"\",\"potentialAction\":[{\"@type\":\"SearchAction\",\"target\":{\"@type\":\"EntryPoint\",\"urlTemplate\":\"https:\\\/\\\/gadens.com.br\\\/_homologacao\\\/?s={search_term_string}\"},\"query-input\":{\"@type\":\"PropertyValueSpecification\",\"valueRequired\":true,\"valueName\":\"search_term_string\"}}],\"inLanguage\":\"pt-BR\"}]}<\/script>\n<!-- \/ Yoast SEO plugin. -->","yoast_head_json":{"title":"Core Silva Jardim - Gadens Incorporadora","robots":{"index":"index","follow":"follow","max-snippet":"max-snippet:-1","max-image-preview":"max-image-preview:large","max-video-preview":"max-video-preview:-1"},"canonical":"https:\/\/gadens.com.br\/_homologacao\/empreendimento\/core-silva-jardim\/","og_locale":"pt_BR","og_type":"article","og_title":"Core Silva Jardim - Gadens Incorporadora","og_description":"Voc\u00ea j\u00e1 imaginou um lugar ideal para morar? Onde voc\u00ea possa ser voc\u00ea mesmo. E estar onde tudo acontece. Onde ser \u00fanico em localiza\u00e7\u00e3o, tamb\u00e9m significa estar cercado de m\u00faltiplas facilidades. Ser plural nas escolhas e singular no estilo, tamb\u00e9m \u00e9 estar no cora\u00e7\u00e3o de Curitiba. Onde voc\u00ea possa abrir as portas para a natureza [&hellip;]","og_url":"https:\/\/gadens.com.br\/_homologacao\/empreendimento\/core-silva-jardim\/","og_site_name":"Gadens Incorporadora","article_modified_time":"2026-03-23T15:33:37+00:00","twitter_card":"summary_large_image","twitter_misc":{"Est. tempo de leitura":"1 minuto"},"schema":{"@context":"https:\/\/schema.org","@graph":[{"@type":"WebPage","@id":"https:\/\/gadens.com.br\/_homologacao\/empreendimento\/core-silva-jardim\/","url":"https:\/\/gadens.com.br\/_homologacao\/empreendimento\/core-silva-jardim\/","name":"Core Silva Jardim - Gadens Incorporadora","isPartOf":{"@id":"https:\/\/gadens.com.br\/_homologacao\/#website"},"datePublished":"2025-09-01T14:59:14+00:00","dateModified":"2026-03-23T15:33:37+00:00","breadcrumb":{"@id":"https:\/\/gadens.com.br\/_homologacao\/empreendimento\/core-silva-jardim\/#breadcrumb"},"inLanguage":"pt-BR","potentialAction":[{"@type":"ReadAction","target":["https:\/\/gadens.com.br\/_homologacao\/empreendimento\/core-silva-jardim\/"]}]},{"@type":"BreadcrumbList","@id":"https:\/\/gadens.com.br\/_homologacao\/empreendimento\/core-silva-jardim\/#breadcrumb","itemListElement":[{"@type":"ListItem","position":1,"name":"In\u00edcio","item":"https:\/\/gadens.com.br\/_homologacao\/"},{"@type":"ListItem","position":2,"name":"Core Silva Jardim"}]},{"@type":"WebSite","@id":"https:\/\/gadens.com.br\/_homologacao\/#website","url":"https:\/\/gadens.com.br\/_homologacao\/","name":"Gadens Incorporadora","description":"","potentialAction":[{"@type":"SearchAction","target":{"@type":"EntryPoint","urlTemplate":"https:\/\/gadens.com.br\/_homologacao\/?s={search_term_string}"},"query-input":{"@type":"PropertyValueSpecification","valueRequired":true,"valueName":"search_term_string"}}],"inLanguage":"pt-BR"}]}},"_links":{"self":[{"href":"https:\/\/gadens.com.br\/_homologacao\/wp-json\/wp\/v2\/cpt_emp\/1228","targetHints":{"allow":["GET"]}}],"collection":[{"href":"https:\/\/gadens.com.br\/_homologacao\/wp-json\/wp\/v2\/cpt_emp"}],"about":[{"href":"https:\/\/gadens.com.br\/_homologacao\/wp-json\/wp\/v2\/types\/cpt_emp"}],"wp:attachment":[{"href":"https:\/\/gadens.com.br\/_homologacao\/wp-json\/wp\/v2\/media?parent=1228"}],"curies":[{"name":"wp","href":"https:\/\/api.w.org\/{rel}","templated":true}]}}

<p></p>



<p></p>



<p></p>



<p>Você já imaginou um lugar ideal para morar? Onde você possa ser você mesmo. E estar onde tudo acontece.</p>



<p>Onde ser único em localização, também significa estar cercado de múltiplas facilidades.</p>



<p>Ser plural nas escolhas e singular no estilo, também é estar no coração de Curitiba.</p>



<p>Onde você possa abrir as portas para a natureza e pulsar no seu ritmo. Dentro da cidade.</p>



<p>Para você viver em harmonia com o que você acredita. Da melhor forma.</p>



<p>Ter espaços que refletem seu estilo. E inspiram novos tempos.</p>



<p>Ser feito para viver. E estar em um lugar perfeito para investir.</p>



<p>Porque o melhor da vida acontece quando ser e estar convivem em perfeito equilíbrio.</p>



<p>Core&nbsp;Silva&nbsp;Jardim. A melhor forma de ser. E estar.</p>



<p>São 241 unidades distribuídas em 21 pavimentos, com plantas que variam de 16,86m² a 80,61 mm², incluindo studios, apartamentos de 1 e 2 quartos, com opções garden. Além disso, o Core&nbsp;Silva&nbsp;Jardim contará com mais de 25 áreas comuns equipadas e pensadas no bem-estar e praticidade.</p>

<!-- This site is optimized with the Yoast SEO plugin v27.4 - https://yoast.com/product/yoast-seo-wordpress/ -->
<title>Core Silva Jardim - Gadens Incorporadora</title>
<meta name="robots" content="index, follow, max-snippet:-1, max-image-preview:large, max-video-preview:-1" />
<link rel="canonical" href="https://gadens.com.br/_homologacao/empreendimento/core-silva-jardim/" />
<meta property="og:locale" content="pt_BR" />
<meta property="og:type" content="article" />
<meta property="og:title" content="Core Silva Jardim - Gadens Incorporadora" />
<meta property="og:description" content="Você já imaginou um lugar ideal para morar? Onde você possa ser você mesmo. E estar onde tudo acontece. Onde ser único em localização, também significa estar cercado de múltiplas facilidades. Ser plural nas escolhas e singular no estilo, também é estar no coração de Curitiba. Onde você possa abrir as portas para a natureza [&hellip;]" />
<meta property="og:url" content="https://gadens.com.br/_homologacao/empreendimento/core-silva-jardim/" />
<meta property="og:site_name" content="Gadens Incorporadora" />
<meta property="article:modified_time" content="2026-03-23T15:33:37+00:00" />
<meta name="twitter:card" content="summary_large_image" />
<meta name="twitter:label1" content="Est. tempo de leitura" />
	<meta name="twitter:data1" content="1 minuto" />
<script type="application/ld+json" class="yoast-schema-graph">{"@context":"https:\/\/schema.org","@graph":[{"@type":"WebPage","@id":"https:\/\/gadens.com.br\/_homologacao\/empreendimento\/core-silva-jardim\/","url":"https:\/\/gadens.com.br\/_homologacao\/empreendimento\/core-silva-jardim\/","name":"Core Silva Jardim - Gadens Incorporadora","isPartOf":{"@id":"https:\/\/gadens.com.br\/_homologacao\/#website"},"datePublished":"2025-09-01T14:59:14+00:00","dateModified":"2026-03-23T15:33:37+00:00","breadcrumb":{"@id":"https:\/\/gadens.com.br\/_homologacao\/empreendimento\/core-silva-jardim\/#breadcrumb"},"inLanguage":"pt-BR","potentialAction":[{"@type":"ReadAction","target":["https:\/\/gadens.com.br\/_homologacao\/empreendimento\/core-silva-jardim\/"]}]},{"@type":"BreadcrumbList","@id":"https:\/\/gadens.com.br\/_homologacao\/empreendimento\/core-silva-jardim\/#breadcrumb","itemListElement":[{"@type":"ListItem","position":1,"name":"Início","item":"https:\/\/gadens.com.br\/_homologacao\/"},{"@type":"ListItem","position":2,"name":"Core Silva Jardim"}]},{"@type":"WebSite","@id":"https:\/\/gadens.com.br\/_homologacao\/#website","url":"https:\/\/gadens.com.br\/_homologacao\/","name":"Gadens Incorporadora","description":"","potentialAction":[{"@type":"SearchAction","target":{"@type":"EntryPoint","urlTemplate":"https:\/\/gadens.com.br\/_homologacao\/?s={search_term_string}"},"query-input":{"@type":"PropertyValueSpecification","valueRequired":true,"valueName":"search_term_string"}}],"inLanguage":"pt-BR"}]}</script>
<!-- / Yoast SEO plugin. -->

Você já imaginou um lugar ideal para morar? Onde você possa ser você mesmo. E estar onde tudo acontece. Onde ser único em localização, também significa estar cercado de múltiplas facilidades. Ser plural nas escolhas e singular no estilo, também é estar no coração de Curitiba. Onde você possa abrir as portas para a natureza [&hellip;]

Início
